[INFO] fetching crate vep 2.1.0...
[INFO] checking vep-2.1.0 against master#e6e4f7ed1589e03bc2f6c5931c1a72e7947e8682 for beta-170-4
[INFO] extracting crate vep 2.1.0 into /workspace/builds/worker-5-tc2/source
[INFO] validating manifest of crates.io crate vep 2.1.0 on toolchain e6e4f7ed1589e03bc2f6c5931c1a72e7947e8682
[INFO] running `Command { std: CARGO_HOME="/workspace/cargo-home" RUSTUP_HOME="/workspace/rustup-home" "/workspace/cargo-home/bin/cargo" "+e6e4f7ed1589e03bc2f6c5931c1a72e7947e8682" "metadata" "--manifest-path" "Cargo.toml" "--no-deps", kill_on_drop: false }`
[INFO] started tweaking crates.io crate vep 2.1.0
[INFO] finished tweaking crates.io crate vep 2.1.0
[INFO] tweaked toml for crates.io crate vep 2.1.0 written to /workspace/builds/worker-5-tc2/source/Cargo.toml
[INFO] running `Command { std: CARGO_HOME="/workspace/cargo-home" RUSTUP_HOME="/workspace/rustup-home" __CARGO_TEST_CHANNEL_OVERRIDE_DO_NOT_USE_THIS="nightly" "/workspace/cargo-home/bin/cargo" "+e6e4f7ed1589e03bc2f6c5931c1a72e7947e8682" "generate-lockfile" "--manifest-path" "Cargo.toml" "-Zno-index-update", kill_on_drop: false }`
[INFO] running `Command { std: CARGO_HOME="/workspace/cargo-home" RUSTUP_HOME="/workspace/rustup-home" "/workspace/cargo-home/bin/cargo" "+e6e4f7ed1589e03bc2f6c5931c1a72e7947e8682" "fetch" "--manifest-path" "Cargo.toml", kill_on_drop: false }`
[INFO] running `Command { std: "docker" "create" "-v" "/var/lib/crater-agent-workspace/builds/worker-5-tc2/target:/opt/rustwide/target:rw,Z" "-v" "/var/lib/crater-agent-workspace/builds/worker-5-tc2/source:/opt/rustwide/workdir:ro,Z" "-v" "/var/lib/crater-agent-workspace/cargo-home:/opt/rustwide/cargo-home:ro,Z" "-v" "/var/lib/crater-agent-workspace/rustup-home:/opt/rustwide/rustup-home:ro,Z" "-e" "SOURCE_DIR=/opt/rustwide/workdir" "-e" "CARGO_TARGET_DIR=/opt/rustwide/target" "-e" "CARGO_HOME=/opt/rustwide/cargo-home" "-e" "RUSTUP_HOME=/opt/rustwide/rustup-home" "-w" "/opt/rustwide/workdir" "-m" "1610612736" "--user" "0:0" "--network" "none" "ghcr.io/rust-lang/crates-build-env/linux@sha256:19e73879b68f455e41552ea35293514db52ea292d993f571636dbffedb77a1ee" "/opt/rustwide/cargo-home/bin/cargo" "+e6e4f7ed1589e03bc2f6c5931c1a72e7947e8682" "metadata" "--no-deps" "--format-version=1", kill_on_drop: false }`
[INFO] [stdout] e2fa1ca1db330058093ecd4818e13981285a1e7e390ad724fcaf716eb7c0db3f
[INFO] running `Command { std: "docker" "start" "-a" "e2fa1ca1db330058093ecd4818e13981285a1e7e390ad724fcaf716eb7c0db3f", kill_on_drop: false }`
[INFO] running `Command { std: "docker" "inspect" "e2fa1ca1db330058093ecd4818e13981285a1e7e390ad724fcaf716eb7c0db3f", kill_on_drop: false }`
[INFO] running `Command { std: "docker" "rm" "-f" "e2fa1ca1db330058093ecd4818e13981285a1e7e390ad724fcaf716eb7c0db3f", kill_on_drop: false }`
[INFO] [stdout] e2fa1ca1db330058093ecd4818e13981285a1e7e390ad724fcaf716eb7c0db3f
[INFO] running `Command { std: "docker" "create" "-v" "/var/lib/crater-agent-workspace/builds/worker-5-tc2/target:/opt/rustwide/target:rw,Z" "-v" "/var/lib/crater-agent-workspace/builds/worker-5-tc2/source:/opt/rustwide/workdir:ro,Z" "-v" "/var/lib/crater-agent-workspace/cargo-home:/opt/rustwide/cargo-home:ro,Z" "-v" "/var/lib/crater-agent-workspace/rustup-home:/opt/rustwide/rustup-home:ro,Z" "-e" "SOURCE_DIR=/opt/rustwide/workdir" "-e" "CARGO_TARGET_DIR=/opt/rustwide/target" "-e" "CARGO_INCREMENTAL=0" "-e" "RUST_BACKTRACE=full" "-e" "RUSTFLAGS=--cap-lints=forbid" "-e" "RUSTDOCFLAGS=--cap-lints=forbid" "-e" "CARGO_HOME=/opt/rustwide/cargo-home" "-e" "RUSTUP_HOME=/opt/rustwide/rustup-home" "-w" "/opt/rustwide/workdir" "-m" "1610612736" "--user" "0:0" "--network" "none" "ghcr.io/rust-lang/crates-build-env/linux@sha256:19e73879b68f455e41552ea35293514db52ea292d993f571636dbffedb77a1ee" "/opt/rustwide/cargo-home/bin/cargo" "+e6e4f7ed1589e03bc2f6c5931c1a72e7947e8682" "check" "--frozen" "--all" "--all-targets" "--message-format=json", kill_on_drop: false }`
[INFO] [stdout] bdf17b0b3ced30231d172fe4784941f011947cc3ee61662ece5a0225bfc4a14d
[INFO] running `Command { std: "docker" "start" "-a" "bdf17b0b3ced30231d172fe4784941f011947cc3ee61662ece5a0225bfc4a14d", kill_on_drop: false }`
[INFO] [stderr]    Compiling typenum v1.16.0
[INFO] [stderr]     Checking block-padding v0.2.1
[INFO] [stderr]    Compiling cc v1.0.79
[INFO] [stderr]     Checking subtle v2.5.0
[INFO] [stderr]     Checking constant_time_eq v0.2.5
[INFO] [stderr]     Checking arrayref v0.3.7
[INFO] [stderr]     Checking zeroize v1.6.0
[INFO] [stderr]     Checking keccak v0.1.4
[INFO] [stderr]     Checking cpufeatures v0.2.7
[INFO] [stderr]    Compiling generic-array v0.14.7
[INFO] [stderr]    Compiling blake3 v1.3.3
[INFO] [stderr]     Checking digest v0.9.0
[INFO] [stderr]     Checking block-buffer v0.10.4
[INFO] [stderr]     Checking crypto-common v0.1.6
[INFO] [stderr]     Checking block-buffer v0.9.0
[INFO] [stderr]     Checking sha2 v0.9.9
[INFO] [stderr]     Checking sha3 v0.9.1
[INFO] [stderr]     Checking vep v2.1.0 (/opt/rustwide/workdir)
[INFO] [stderr]     Checking digest v0.10.7
[INFO] [stdout] error[E0277]: the trait bound `blake3::Hasher: digest::Update` is not satisfied
[INFO] [stdout]    --> src/lib.rs:191:35
[INFO] [stdout]     |
[INFO] [stdout] 191 |         let blake3_expanded = Vep(Hasher::new()).expand(src); // output = 32 bytes == 256 bits
[INFO] [stdout]     |                               --- ^^^^^^^^^^^^^ the trait `digest::Update` is not implemented for `blake3::Hasher`
[INFO] [stdout]     |                               |
[INFO] [stdout]     |                               required by a bound introduced by this call
[INFO] [stdout]     |
[INFO] [stdout]     = help: the following other types implement trait `digest::Update`:
[INFO] [stdout]               Keccak224
[INFO] [stdout]               Keccak256
[INFO] [stdout]               Keccak256Full
[INFO] [stdout]               Keccak384
[INFO] [stdout]               Keccak512
[INFO] [stdout]               Sha224
[INFO] [stdout]               Sha256
[INFO] [stdout]               Sha384
[INFO] [stdout]             and 9 others
[INFO] [stdout]     = note: required for `blake3::Hasher` to implement `digest::Digest`
[INFO] [stdout] note: required for `blake3::Hasher` to implement `Digester`
[INFO] [stdout]    --> src/lib.rs:61:24
[INFO] [stdout]     |
[INFO] [stdout] 61  | impl<D: parts::Digest> Digester for D {
[INFO] [stdout]     |         -------------  ^^^^^^^^     ^
[INFO] [stdout]     |         |
[INFO] [stdout]     |         unsatisfied trait bound introduced here
[INFO] [stdout] note: required by a bound in `Vep`
[INFO] [stdout]    --> src/lib.rs:82:19
[INFO] [stdout]     |
[INFO] [stdout] 82  | pub struct Vep<D: Digester>(pub D);
[INFO] [stdout]     |                   ^^^^^^^^ required by this bound in `Vep`
[INFO] [stdout] 
[INFO] [stdout] 
[INFO] [stdout] error[E0277]: the trait bound `blake3::Hasher: digest::Reset` is not satisfied
[INFO] [stdout]    --> src/lib.rs:191:35
[INFO] [stdout]     |
[INFO] [stdout] 191 |         let blake3_expanded = Vep(Hasher::new()).expand(src); // output = 32 bytes == 256 bits
[INFO] [stdout]     |                               --- ^^^^^^^^^^^^^ the trait `digest::Reset` is not implemented for `blake3::Hasher`
[INFO] [stdout]     |                               |
[INFO] [stdout]     |                               required by a bound introduced by this call
[INFO] [stdout]     |
[INFO] [stdout]     = help: the following other types implement trait `digest::Reset`:
[INFO] [stdout]               Keccak224
[INFO] [stdout]               Keccak256
[INFO] [stdout]               Keccak256Full
[INFO] [stdout]               Keccak384
[INFO] [stdout]               Keccak512
[INFO] [stdout]               Sha224
[INFO] [stdout]               Sha256
[INFO] [stdout]               Sha384
[INFO] [stdout]             and 9 others
[INFO] [stdout]     = note: required for `blake3::Hasher` to implement `digest::Digest`
[INFO] [stdout] note: required for `blake3::Hasher` to implement `Digester`
[INFO] [stdout]    --> src/lib.rs:61:24
[INFO] [stdout]     |
[INFO] [stdout] 61  | impl<D: parts::Digest> Digester for D {
[INFO] [stdout]     |         -------------  ^^^^^^^^     ^
[INFO] [stdout]     |         |
[INFO] [stdout]     |         unsatisfied trait bound introduced here
[INFO] [stdout] note: required by a bound in `Vep`
[INFO] [stdout]    --> src/lib.rs:82:19
[INFO] [stdout]     |
[INFO] [stdout] 82  | pub struct Vep<D: Digester>(pub D);
[INFO] [stdout]     |                   ^^^^^^^^ required by this bound in `Vep`
[INFO] [stdout] 
[INFO] [stdout] 
[INFO] [stdout] error[E0277]: the trait bound `blake3::Hasher: FixedOutputDirty` is not satisfied
[INFO] [stdout]    --> src/lib.rs:191:35
[INFO] [stdout]     |
[INFO] [stdout] 191 |         let blake3_expanded = Vep(Hasher::new()).expand(src); // output = 32 bytes == 256 bits
[INFO] [stdout]     |                               --- ^^^^^^^^^^^^^ the trait `FixedOutputDirty` is not implemented for `blake3::Hasher`
[INFO] [stdout]     |                               |
[INFO] [stdout]     |                               required by a bound introduced by this call
[INFO] [stdout]     |
[INFO] [stdout]     = help: the following other types implement trait `FixedOutputDirty`:
[INFO] [stdout]               Keccak224
[INFO] [stdout]               Keccak256
[INFO] [stdout]               Keccak256Full
[INFO] [stdout]               Keccak384
[INFO] [stdout]               Keccak512
[INFO] [stdout]               Sha224
[INFO] [stdout]               Sha256
[INFO] [stdout]               Sha384
[INFO] [stdout]             and 7 others
[INFO] [stdout]     = note: required for `blake3::Hasher` to implement `digest::FixedOutput`
[INFO] [stdout]     = note: required for `blake3::Hasher` to implement `digest::Digest`
[INFO] [stdout] note: required for `blake3::Hasher` to implement `Digester`
[INFO] [stdout]    --> src/lib.rs:61:24
[INFO] [stdout]     |
[INFO] [stdout] 61  | impl<D: parts::Digest> Digester for D {
[INFO] [stdout]     |         -------------  ^^^^^^^^     ^
[INFO] [stdout]     |         |
[INFO] [stdout]     |         unsatisfied trait bound introduced here
[INFO] [stdout] note: required by a bound in `Vep`
[INFO] [stdout]    --> src/lib.rs:82:19
[INFO] [stdout]     |
[INFO] [stdout] 82  | pub struct Vep<D: Digester>(pub D);
[INFO] [stdout]     |                   ^^^^^^^^ required by this bound in `Vep`
[INFO] [stdout] 
[INFO] [stdout] 
[INFO] [stdout] error[E0599]: the method `expand` exists for struct `Vep<Hasher>`, but its trait bounds were not satisfied
[INFO] [stdout]    --> src/lib.rs:191:50
[INFO] [stdout]     |
[INFO] [stdout] 82  | pub struct Vep<D: Digester>(pub D);
[INFO] [stdout]     | --------------------------- method `expand` not found for this struct
[INFO] [stdout] ...
[INFO] [stdout] 191 |         let blake3_expanded = Vep(Hasher::new()).expand(src); // output = 32 bytes == 256 bits
[INFO] [stdout]     |                                                  ^^^^^^ method cannot be called on `Vep<Hasher>` due to unsatisfied trait bounds
[INFO] [stdout]     |
[INFO] [stdout]    ::: /opt/rustwide/cargo-home/registry/src/index.crates.io-6f17d22bba15001f/blake3-1.3.3/src/lib.rs:939:1
[INFO] [stdout]     |
[INFO] [stdout] 939 | pub struct Hasher {
[INFO] [stdout]     | ----------------- doesn't satisfy `blake3::Hasher: Digester`
[INFO] [stdout]     |
[INFO] [stdout] note: trait bound `blake3::Hasher: Digester` was not satisfied
[INFO] [stdout]    --> src/lib.rs:84:9
[INFO] [stdout]     |
[INFO] [stdout] 84  | impl<D: Digester> Vep<D> {
[INFO] [stdout]     |         ^^^^^^^^  ------
[INFO] [stdout]     |         |
[INFO] [stdout]     |         unsatisfied trait bound introduced here
[INFO] [stdout] 
[INFO] [stdout] 
[INFO] [stdout] error[E0277]: the trait bound `blake3::Hasher: digest::Update` is not satisfied
[INFO] [stdout]    --> src/lib.rs:191:31
[INFO] [stdout]     |
[INFO] [stdout] 191 |         let blake3_expanded = Vep(Hasher::new()).expand(src); // output = 32 bytes == 256 bits
[INFO] [stdout]     |                               ^^^^^^^^^^^^^^^^^^ the trait `digest::Update` is not implemented for `blake3::Hasher`
[INFO] [stdout]     |
[INFO] [stdout]     = help: the following other types implement trait `digest::Update`:
[INFO] [stdout]               Keccak224
[INFO] [stdout]               Keccak256
[INFO] [stdout]               Keccak256Full
[INFO] [stdout]               Keccak384
[INFO] [stdout]               Keccak512
[INFO] [stdout]               Sha224
[INFO] [stdout]               Sha256
[INFO] [stdout]               Sha384
[INFO] [stdout]             and 9 others
[INFO] [stdout]     = note: required for `blake3::Hasher` to implement `digest::Digest`
[INFO] [stdout] note: required for `blake3::Hasher` to implement `Digester`
[INFO] [stdout]    --> src/lib.rs:61:24
[INFO] [stdout]     |
[INFO] [stdout] 61  | impl<D: parts::Digest> Digester for D {
[INFO] [stdout]     |         -------------  ^^^^^^^^     ^
[INFO] [stdout]     |         |
[INFO] [stdout]     |         unsatisfied trait bound introduced here
[INFO] [stdout] note: required by a bound in `Vep`
[INFO] [stdout]    --> src/lib.rs:82:19
[INFO] [stdout]     |
[INFO] [stdout] 82  | pub struct Vep<D: Digester>(pub D);
[INFO] [stdout]     |                   ^^^^^^^^ required by this bound in `Vep`
[INFO] [stdout] 
[INFO] [stdout] 
[INFO] [stdout] error[E0277]: the trait bound `blake3::Hasher: digest::Reset` is not satisfied
[INFO] [stdout]    --> src/lib.rs:191:31
[INFO] [stdout]     |
[INFO] [stdout] 191 |         let blake3_expanded = Vep(Hasher::new()).expand(src); // output = 32 bytes == 256 bits
[INFO] [stdout]     |                               ^^^^^^^^^^^^^^^^^^ the trait `digest::Reset` is not implemented for `blake3::Hasher`
[INFO] [stdout]     |
[INFO] [stdout]     = help: the following other types implement trait `digest::Reset`:
[INFO] [stdout]               Keccak224
[INFO] [stdout]               Keccak256
[INFO] [stdout]               Keccak256Full
[INFO] [stdout]               Keccak384
[INFO] [stdout]               Keccak512
[INFO] [stdout]               Sha224
[INFO] [stdout]               Sha256
[INFO] [stdout]               Sha384
[INFO] [stdout]             and 9 others
[INFO] [stdout]     = note: required for `blake3::Hasher` to implement `digest::Digest`
[INFO] [stdout] note: required for `blake3::Hasher` to implement `Digester`
[INFO] [stdout]    --> src/lib.rs:61:24
[INFO] [stdout]     |
[INFO] [stdout] 61  | impl<D: parts::Digest> Digester for D {
[INFO] [stdout]     |         -------------  ^^^^^^^^     ^
[INFO] [stdout]     |         |
[INFO] [stdout]     |         unsatisfied trait bound introduced here
[INFO] [stdout] note: required by a bound in `Vep`
[INFO] [stdout]    --> src/lib.rs:82:19
[INFO] [stdout]     |
[INFO] [stdout] 82  | pub struct Vep<D: Digester>(pub D);
[INFO] [stdout]     |                   ^^^^^^^^ required by this bound in `Vep`
[INFO] [stdout] 
[INFO] [stdout] 
[INFO] [stdout] error[E0277]: the trait bound `blake3::Hasher: FixedOutputDirty` is not satisfied
[INFO] [stdout]    --> src/lib.rs:191:31
[INFO] [stdout]     |
[INFO] [stdout] 191 |         let blake3_expanded = Vep(Hasher::new()).expand(src); // output = 32 bytes == 256 bits
[INFO] [stdout]     |                               ^^^^^^^^^^^^^^^^^^ the trait `FixedOutputDirty` is not implemented for `blake3::Hasher`
[INFO] [stdout]     |
[INFO] [stdout]     = help: the following other types implement trait `FixedOutputDirty`:
[INFO] [stdout]               Keccak224
[INFO] [stdout]               Keccak256
[INFO] [stdout]               Keccak256Full
[INFO] [stdout]               Keccak384
[INFO] [stdout]               Keccak512
[INFO] [stdout]               Sha224
[INFO] [stdout]               Sha256
[INFO] [stdout]               Sha384
[INFO] [stdout]             and 7 others
[INFO] [stdout]     = note: required for `blake3::Hasher` to implement `digest::FixedOutput`
[INFO] [stdout]     = note: required for `blake3::Hasher` to implement `digest::Digest`
[INFO] [stdout] note: required for `blake3::Hasher` to implement `Digester`
[INFO] [stdout]    --> src/lib.rs:61:24
[INFO] [stdout]     |
[INFO] [stdout] 61  | impl<D: parts::Digest> Digester for D {
[INFO] [stdout]     |         -------------  ^^^^^^^^     ^
[INFO] [stdout]     |         |
[INFO] [stdout]     |         unsatisfied trait bound introduced here
[INFO] [stdout] note: required by a bound in `Vep`
[INFO] [stdout]    --> src/lib.rs:82:19
[INFO] [stdout]     |
[INFO] [stdout] 82  | pub struct Vep<D: Digester>(pub D);
[INFO] [stdout]     |                   ^^^^^^^^ required by this bound in `Vep`
[INFO] [stdout] 
[INFO] [stdout] 
[INFO] [stdout] error[E0599]: the function or associated item `output_size_calc` exists for struct `Vep<Hasher>`, but its trait bounds were not satisfied
[INFO] [stdout]    --> src/lib.rs:195:39
[INFO] [stdout]     |
[INFO] [stdout] 82  | pub struct Vep<D: Digester>(pub D);
[INFO] [stdout]     | --------------------------- function or associated item `output_size_calc` not found for this struct
[INFO] [stdout] ...
[INFO] [stdout] 195 |         assert_eq!(64, Vep::<Hasher>::output_size_calc(src));
[INFO] [stdout]     |                                       ^^^^^^^^^^^^^^^^ function or associated item cannot be called on `Vep<Hasher>` due to unsatisfied trait bounds
[INFO] [stdout]     |
[INFO] [stdout]    ::: /opt/rustwide/cargo-home/registry/src/index.crates.io-6f17d22bba15001f/blake3-1.3.3/src/lib.rs:939:1
[INFO] [stdout]     |
[INFO] [stdout] 939 | pub struct Hasher {
[INFO] [stdout]     | ----------------- doesn't satisfy `blake3::Hasher: Digester`
[INFO] [stdout]     |
[INFO] [stdout] note: trait bound `blake3::Hasher: Digester` was not satisfied
[INFO] [stdout]    --> src/lib.rs:84:9
[INFO] [stdout]     |
[INFO] [stdout] 84  | impl<D: Digester> Vep<D> {
[INFO] [stdout]     |         ^^^^^^^^  ------
[INFO] [stdout]     |         |
[INFO] [stdout]     |         unsatisfied trait bound introduced here
[INFO] [stdout] 
[INFO] [stdout] 
[INFO] [stdout] error[E0277]: the trait bound `blake3::Hasher: digest::Update` is not satisfied
[INFO] [stdout]    --> src/lib.rs:195:24
[INFO] [stdout]     |
[INFO] [stdout] 195 |         assert_eq!(64, Vep::<Hasher>::output_size_calc(src));
[INFO] [stdout]     |                        ^^^^^^^^^^^^^ the trait `digest::Update` is not implemented for `blake3::Hasher`
[INFO] [stdout]     |
[INFO] [stdout]     = help: the following other types implement trait `digest::Update`:
[INFO] [stdout]               Keccak224
[INFO] [stdout]               Keccak256
[INFO] [stdout]               Keccak256Full
[INFO] [stdout]               Keccak384
[INFO] [stdout]               Keccak512
[INFO] [stdout]               Sha224
[INFO] [stdout]               Sha256
[INFO] [stdout]               Sha384
[INFO] [stdout]             and 9 others
[INFO] [stdout]     = note: required for `blake3::Hasher` to implement `digest::Digest`
[INFO] [stdout] note: required for `blake3::Hasher` to implement `Digester`
[INFO] [stdout]    --> src/lib.rs:61:24
[INFO] [stdout]     |
[INFO] [stdout] 61  | impl<D: parts::Digest> Digester for D {
[INFO] [stdout]     |         -------------  ^^^^^^^^     ^
[INFO] [stdout]     |         |
[INFO] [stdout]     |         unsatisfied trait bound introduced here
[INFO] [stdout] note: required by a bound in `Vep`
[INFO] [stdout]    --> src/lib.rs:82:19
[INFO] [stdout]     |
[INFO] [stdout] 82  | pub struct Vep<D: Digester>(pub D);
[INFO] [stdout]     |                   ^^^^^^^^ required by this bound in `Vep`
[INFO] [stdout] 
[INFO] [stdout] 
[INFO] [stdout] error[E0277]: the trait bound `blake3::Hasher: digest::Reset` is not satisfied
[INFO] [stdout]    --> src/lib.rs:195:24
[INFO] [stdout]     |
[INFO] [stdout] 195 |         assert_eq!(64, Vep::<Hasher>::output_size_calc(src));
[INFO] [stdout]     |                        ^^^^^^^^^^^^^ the trait `digest::Reset` is not implemented for `blake3::Hasher`
[INFO] [stdout]     |
[INFO] [stdout]     = help: the following other types implement trait `digest::Reset`:
[INFO] [stdout]               Keccak224
[INFO] [stdout]               Keccak256
[INFO] [stdout]               Keccak256Full
[INFO] [stdout]               Keccak384
[INFO] [stdout]               Keccak512
[INFO] [stdout]               Sha224
[INFO] [stdout]               Sha256
[INFO] [stdout]               Sha384
[INFO] [stdout]             and 9 others
[INFO] [stdout]     = note: required for `blake3::Hasher` to implement `digest::Digest`
[INFO] [stdout] note: required for `blake3::Hasher` to implement `Digester`
[INFO] [stdout]    --> src/lib.rs:61:24
[INFO] [stdout]     |
[INFO] [stdout] 61  | impl<D: parts::Digest> Digester for D {
[INFO] [stdout]     |         -------------  ^^^^^^^^     ^
[INFO] [stdout]     |         |
[INFO] [stdout]     |         unsatisfied trait bound introduced here
[INFO] [stdout] note: required by a bound in `Vep`
[INFO] [stdout]    --> src/lib.rs:82:19
[INFO] [stdout]     |
[INFO] [stdout] 82  | pub struct Vep<D: Digester>(pub D);
[INFO] [stdout]     |                   ^^^^^^^^ required by this bound in `Vep`
[INFO] [stdout] 
[INFO] [stdout] 
[INFO] [stdout] error[E0277]: the trait bound `blake3::Hasher: FixedOutputDirty` is not satisfied
[INFO] [stdout]    --> src/lib.rs:195:24
[INFO] [stdout]     |
[INFO] [stdout] 195 |         assert_eq!(64, Vep::<Hasher>::output_size_calc(src));
[INFO] [stdout]     |                        ^^^^^^^^^^^^^ the trait `FixedOutputDirty` is not implemented for `blake3::Hasher`
[INFO] [stdout]     |
[INFO] [stdout]     = help: the following other types implement trait `FixedOutputDirty`:
[INFO] [stdout]               Keccak224
[INFO] [stdout]               Keccak256
[INFO] [stdout]               Keccak256Full
[INFO] [stdout]               Keccak384
[INFO] [stdout]               Keccak512
[INFO] [stdout]               Sha224
[INFO] [stdout]               Sha256
[INFO] [stdout]               Sha384
[INFO] [stdout]             and 7 others
[INFO] [stdout]     = note: required for `blake3::Hasher` to implement `digest::FixedOutput`
[INFO] [stdout]     = note: required for `blake3::Hasher` to implement `digest::Digest`
[INFO] [stdout] note: required for `blake3::Hasher` to implement `Digester`
[INFO] [stdout]    --> src/lib.rs:61:24
[INFO] [stdout]     |
[INFO] [stdout] 61  | impl<D: parts::Digest> Digester for D {
[INFO] [stdout]     |         -------------  ^^^^^^^^     ^
[INFO] [stdout]     |         |
[INFO] [stdout]     |         unsatisfied trait bound introduced here
[INFO] [stdout] note: required by a bound in `Vep`
[INFO] [stdout]    --> src/lib.rs:82:19
[INFO] [stdout]     |
[INFO] [stdout] 82  | pub struct Vep<D: Digester>(pub D);
[INFO] [stdout]     |                   ^^^^^^^^ required by this bound in `Vep`
[INFO] [stdout] 
[INFO] [stdout] 
[INFO] [stdout] error[E0599]: the function or associated item `new` exists for struct `Sha384`, but its trait bounds were not satisfied
[INFO] [stdout]    --> src/lib.rs:201:43
[INFO] [stdout]     |
[INFO] [stdout] 201 |         let sha2_expanded = Vep(Sha2_384::new()).expand(src); // output = 48 bytes == 384 bits
[INFO] [stdout]     |                                           ^^^ function or associated item cannot be called on `Sha384` due to unsatisfied trait bounds
[INFO] [stdout]     |
[INFO] [stdout]    ::: /opt/rustwide/cargo-home/registry/src/index.crates.io-6f17d22bba15001f/sha2-0.9.9/src/sha512.rs:93:1
[INFO] [stdout]     |
[INFO] [stdout] 93  | pub struct Sha384 {
[INFO] [stdout]     | -----------------
[INFO] [stdout]     | |
[INFO] [stdout]     | doesn't satisfy `Sha384: HashMarker`
[INFO] [stdout]     | doesn't satisfy `Sha384: blake3::traits::digest::Digest`
[INFO] [stdout]     | doesn't satisfy `Sha384: blake3::traits::digest::FixedOutput`
[INFO] [stdout]     | doesn't satisfy `Sha384: blake3::traits::digest::Update`
[INFO] [stdout]     |
[INFO] [stdout]     = note: the following trait bounds were not satisfied:
[INFO] [stdout]             `Sha384: blake3::traits::digest::FixedOutput`
[INFO] [stdout]             which is required by `Sha384: blake3::traits::digest::Digest`
[INFO] [stdout]             `Sha384: blake3::traits::digest::Update`
[INFO] [stdout]             which is required by `Sha384: blake3::traits::digest::Digest`
[INFO] [stdout]             `Sha384: HashMarker`
[INFO] [stdout]             which is required by `Sha384: blake3::traits::digest::Digest`
[INFO] [stdout]             `&Sha384: blake3::traits::digest::FixedOutput`
[INFO] [stdout]             which is required by `&Sha384: blake3::traits::digest::Digest`
[INFO] [stdout]             `&Sha384: Default`
[INFO] [stdout]             which is required by `&Sha384: blake3::traits::digest::Digest`
[INFO] [stdout]             `&Sha384: blake3::traits::digest::Update`
[INFO] [stdout]             which is required by `&Sha384: blake3::traits::digest::Digest`
[INFO] [stdout]             `&Sha384: HashMarker`
[INFO] [stdout]             which is required by `&Sha384: blake3::traits::digest::Digest`
[INFO] [stdout]             `&mut Sha384: blake3::traits::digest::FixedOutput`
[INFO] [stdout]             which is required by `&mut Sha384: blake3::traits::digest::Digest`
[INFO] [stdout]             `&mut Sha384: Default`
[INFO] [stdout]             which is required by `&mut Sha384: blake3::traits::digest::Digest`
[INFO] [stdout]             `&mut Sha384: blake3::traits::digest::Update`
[INFO] [stdout]             which is required by `&mut Sha384: blake3::traits::digest::Digest`
[INFO] [stdout]             `&mut Sha384: HashMarker`
[INFO] [stdout]             which is required by `&mut Sha384: blake3::traits::digest::Digest`
[INFO] [stdout]     = help: items from traits can only be used if the trait is in scope
[INFO] [stdout] help: the following trait is implemented but not in scope; perhaps add a `use` for it:
[INFO] [stdout]     |
[INFO] [stdout] 167 +     use digest::Digest;
[INFO] [stdout]     |
[INFO] [stdout] 
[INFO] [stdout] 
[INFO] [stdout] error[E0277]: the trait bound `blake3::Hasher: digest::Update` is not satisfied
[INFO] [stdout]    --> src/lib.rs:213:35
[INFO] [stdout]     |
[INFO] [stdout] 213 |         let blake3_expanded = Vep(Hasher::new()).expand(src); // output = 32 bytes == 256 bits
[INFO] [stdout]     |                               --- ^^^^^^^^^^^^^ the trait `digest::Update` is not implemented for `blake3::Hasher`
[INFO] [stdout]     |                               |
[INFO] [stdout]     |                               required by a bound introduced by this call
[INFO] [stdout]     |
[INFO] [stdout]     = help: the following other types implement trait `digest::Update`:
[INFO] [stdout]               Keccak224
[INFO] [stdout]               Keccak256
[INFO] [stdout]               Keccak256Full
[INFO] [stdout]               Keccak384
[INFO] [stdout]               Keccak512
[INFO] [stdout]               Sha224
[INFO] [stdout]               Sha256
[INFO] [stdout]               Sha384
[INFO] [stdout]             and 9 others
[INFO] [stdout]     = note: required for `blake3::Hasher` to implement `digest::Digest`
[INFO] [stdout] note: required for `blake3::Hasher` to implement `Digester`
[INFO] [stdout]    --> src/lib.rs:61:24
[INFO] [stdout]     |
[INFO] [stdout] 61  | impl<D: parts::Digest> Digester for D {
[INFO] [stdout]     |         -------------  ^^^^^^^^     ^
[INFO] [stdout]     |         |
[INFO] [stdout]     |         unsatisfied trait bound introduced here
[INFO] [stdout] note: required by a bound in `Vep`
[INFO] [stdout]    --> src/lib.rs:82:19
[INFO] [stdout]     |
[INFO] [stdout] 82  | pub struct Vep<D: Digester>(pub D);
[INFO] [stdout]     |                   ^^^^^^^^ required by this bound in `Vep`
[INFO] [stdout] 
[INFO] [stdout] 
[INFO] [stdout] error[E0277]: the trait bound `blake3::Hasher: digest::Reset` is not satisfied
[INFO] [stdout]    --> src/lib.rs:213:35
[INFO] [stdout]     |
[INFO] [stdout] 213 |         let blake3_expanded = Vep(Hasher::new()).expand(src); // output = 32 bytes == 256 bits
[INFO] [stdout]     |                               --- ^^^^^^^^^^^^^ the trait `digest::Reset` is not implemented for `blake3::Hasher`
[INFO] [stdout]     |                               |
[INFO] [stdout]     |                               required by a bound introduced by this call
[INFO] [stdout]     |
[INFO] [stdout]     = help: the following other types implement trait `digest::Reset`:
[INFO] [stdout]               Keccak224
[INFO] [stdout]               Keccak256
[INFO] [stdout]               Keccak256Full
[INFO] [stdout]               Keccak384
[INFO] [stdout]               Keccak512
[INFO] [stdout]               Sha224
[INFO] [stdout]               Sha256
[INFO] [stdout]               Sha384
[INFO] [stdout]             and 9 others
[INFO] [stdout]     = note: required for `blake3::Hasher` to implement `digest::Digest`
[INFO] [stdout] note: required for `blake3::Hasher` to implement `Digester`
[INFO] [stdout]    --> src/lib.rs:61:24
[INFO] [stdout]     |
[INFO] [stdout] 61  | impl<D: parts::Digest> Digester for D {
[INFO] [stdout]     |         -------------  ^^^^^^^^     ^
[INFO] [stdout]     |         |
[INFO] [stdout]     |         unsatisfied trait bound introduced here
[INFO] [stdout] note: required by a bound in `Vep`
[INFO] [stdout]    --> src/lib.rs:82:19
[INFO] [stdout]     |
[INFO] [stdout] 82  | pub struct Vep<D: Digester>(pub D);
[INFO] [stdout]     |                   ^^^^^^^^ required by this bound in `Vep`
[INFO] [stdout] 
[INFO] [stdout] 
[INFO] [stdout] error[E0277]: the trait bound `blake3::Hasher: FixedOutputDirty` is not satisfied
[INFO] [stdout]    --> src/lib.rs:213:35
[INFO] [stdout]     |
[INFO] [stdout] 213 |         let blake3_expanded = Vep(Hasher::new()).expand(src); // output = 32 bytes == 256 bits
[INFO] [stdout]     |                               --- ^^^^^^^^^^^^^ the trait `FixedOutputDirty` is not implemented for `blake3::Hasher`
[INFO] [stdout]     |                               |
[INFO] [stdout]     |                               required by a bound introduced by this call
[INFO] [stdout]     |
[INFO] [stdout]     = help: the following other types implement trait `FixedOutputDirty`:
[INFO] [stdout]               Keccak224
[INFO] [stdout]               Keccak256
[INFO] [stdout]               Keccak256Full
[INFO] [stdout]               Keccak384
[INFO] [stdout]               Keccak512
[INFO] [stdout]               Sha224
[INFO] [stdout]               Sha256
[INFO] [stdout]               Sha384
[INFO] [stdout]             and 7 others
[INFO] [stdout]     = note: required for `blake3::Hasher` to implement `digest::FixedOutput`
[INFO] [stdout]     = note: required for `blake3::Hasher` to implement `digest::Digest`
[INFO] [stdout] note: required for `blake3::Hasher` to implement `Digester`
[INFO] [stdout]    --> src/lib.rs:61:24
[INFO] [stdout]     |
[INFO] [stdout] 61  | impl<D: parts::Digest> Digester for D {
[INFO] [stdout]     |         -------------  ^^^^^^^^     ^
[INFO] [stdout]     |         |
[INFO] [stdout]     |         unsatisfied trait bound introduced here
[INFO] [stdout] note: required by a bound in `Vep`
[INFO] [stdout]    --> src/lib.rs:82:19
[INFO] [stdout]     |
[INFO] [stdout] 82  | pub struct Vep<D: Digester>(pub D);
[INFO] [stdout]     |                   ^^^^^^^^ required by this bound in `Vep`
[INFO] [stdout] 
[INFO] [stdout] 
[INFO] [stdout] error[E0599]: the method `expand` exists for struct `Vep<Hasher>`, but its trait bounds were not satisfied
[INFO] [stdout]    --> src/lib.rs:213:50
[INFO] [stdout]     |
[INFO] [stdout] 82  | pub struct Vep<D: Digester>(pub D);
[INFO] [stdout]     | --------------------------- method `expand` not found for this struct
[INFO] [stdout] ...
[INFO] [stdout] 213 |         let blake3_expanded = Vep(Hasher::new()).expand(src); // output = 32 bytes == 256 bits
[INFO] [stdout]     |                                                  ^^^^^^ method cannot be called on `Vep<Hasher>` due to unsatisfied trait bounds
[INFO] [stdout]     |
[INFO] [stdout]    ::: /opt/rustwide/cargo-home/registry/src/index.crates.io-6f17d22bba15001f/blake3-1.3.3/src/lib.rs:939:1
[INFO] [stdout]     |
[INFO] [stdout] 939 | pub struct Hasher {
[INFO] [stdout]     | ----------------- doesn't satisfy `blake3::Hasher: Digester`
[INFO] [stdout]     |
[INFO] [stdout] note: trait bound `blake3::Hasher: Digester` was not satisfied
[INFO] [stdout]    --> src/lib.rs:84:9
[INFO] [stdout]     |
[INFO] [stdout] 84  | impl<D: Digester> Vep<D> {
[INFO] [stdout]     |         ^^^^^^^^  ------
[INFO] [stdout]     |         |
[INFO] [stdout]     |         unsatisfied trait bound introduced here
[INFO] [stdout] 
[INFO] [stdout] 
[INFO] [stdout] error[E0277]: the trait bound `blake3::Hasher: digest::Update` is not satisfied
[INFO] [stdout]    --> src/lib.rs:213:31
[INFO] [stdout]     |
[INFO] [stdout] 213 |         let blake3_expanded = Vep(Hasher::new()).expand(src); // output = 32 bytes == 256 bits
[INFO] [stdout]     |                               ^^^^^^^^^^^^^^^^^^ the trait `digest::Update` is not implemented for `blake3::Hasher`
[INFO] [stdout]     |
[INFO] [stdout]     = help: the following other types implement trait `digest::Update`:
[INFO] [stdout]               Keccak224
[INFO] [stdout]               Keccak256
[INFO] [stdout]               Keccak256Full
[INFO] [stdout]               Keccak384
[INFO] [stdout]               Keccak512
[INFO] [stdout]               Sha224
[INFO] [stdout]               Sha256
[INFO] [stdout]               Sha384
[INFO] [stdout]             and 9 others
[INFO] [stdout]     = note: required for `blake3::Hasher` to implement `digest::Digest`
[INFO] [stdout] note: required for `blake3::Hasher` to implement `Digester`
[INFO] [stdout]    --> src/lib.rs:61:24
[INFO] [stdout]     |
[INFO] [stdout] 61  | impl<D: parts::Digest> Digester for D {
[INFO] [stdout]     |         -------------  ^^^^^^^^     ^
[INFO] [stdout]     |         |
[INFO] [stdout]     |         unsatisfied trait bound introduced here
[INFO] [stdout] note: required by a bound in `Vep`
[INFO] [stdout]    --> src/lib.rs:82:19
[INFO] [stdout]     |
[INFO] [stdout] 82  | pub struct Vep<D: Digester>(pub D);
[INFO] [stdout]     |                   ^^^^^^^^ required by this bound in `Vep`
[INFO] [stdout] 
[INFO] [stdout] 
[INFO] [stdout] error[E0277]: the trait bound `blake3::Hasher: digest::Reset` is not satisfied
[INFO] [stdout]    --> src/lib.rs:213:31
[INFO] [stdout]     |
[INFO] [stdout] 213 |         let blake3_expanded = Vep(Hasher::new()).expand(src); // output = 32 bytes == 256 bits
[INFO] [stdout]     |                               ^^^^^^^^^^^^^^^^^^ the trait `digest::Reset` is not implemented for `blake3::Hasher`
[INFO] [stdout]     |
[INFO] [stdout]     = help: the following other types implement trait `digest::Reset`:
[INFO] [stdout]               Keccak224
[INFO] [stdout]               Keccak256
[INFO] [stdout]               Keccak256Full
[INFO] [stdout]               Keccak384
[INFO] [stdout]               Keccak512
[INFO] [stdout]               Sha224
[INFO] [stdout]               Sha256
[INFO] [stdout]               Sha384
[INFO] [stdout]             and 9 others
[INFO] [stdout]     = note: required for `blake3::Hasher` to implement `digest::Digest`
[INFO] [stdout] note: required for `blake3::Hasher` to implement `Digester`
[INFO] [stdout]    --> src/lib.rs:61:24
[INFO] [stdout]     |
[INFO] [stdout] 61  | impl<D: parts::Digest> Digester for D {
[INFO] [stdout]     |         -------------  ^^^^^^^^     ^
[INFO] [stdout]     |         |
[INFO] [stdout]     |         unsatisfied trait bound introduced here
[INFO] [stdout] note: required by a bound in `Vep`
[INFO] [stdout]    --> src/lib.rs:82:19
[INFO] [stdout]     |
[INFO] [stdout] 82  | pub struct Vep<D: Digester>(pub D);
[INFO] [stdout]     |                   ^^^^^^^^ required by this bound in `Vep`
[INFO] [stdout] 
[INFO] [stdout] 
[INFO] [stdout] error[E0277]: the trait bound `blake3::Hasher: FixedOutputDirty` is not satisfied
[INFO] [stdout]    --> src/lib.rs:213:31
[INFO] [stdout]     |
[INFO] [stdout] 213 |         let blake3_expanded = Vep(Hasher::new()).expand(src); // output = 32 bytes == 256 bits
[INFO] [stdout]     |                               ^^^^^^^^^^^^^^^^^^ the trait `FixedOutputDirty` is not implemented for `blake3::Hasher`
[INFO] [stdout]     |
[INFO] [stdout]     = help: the following other types implement trait `FixedOutputDirty`:
[INFO] [stdout]               Keccak224
[INFO] [stdout]               Keccak256
[INFO] [stdout]               Keccak256Full
[INFO] [stdout]               Keccak384
[INFO] [stdout]               Keccak512
[INFO] [stdout]               Sha224
[INFO] [stdout]               Sha256
[INFO] [stdout]               Sha384
[INFO] [stdout]             and 7 others
[INFO] [stdout]     = note: required for `blake3::Hasher` to implement `digest::FixedOutput`
[INFO] [stdout]     = note: required for `blake3::Hasher` to implement `digest::Digest`
[INFO] [stdout] note: required for `blake3::Hasher` to implement `Digester`
[INFO] [stdout]    --> src/lib.rs:61:24
[INFO] [stdout]     |
[INFO] [stdout] 61  | impl<D: parts::Digest> Digester for D {
[INFO] [stdout]     |         -------------  ^^^^^^^^     ^
[INFO] [stdout]     |         |
[INFO] [stdout]     |         unsatisfied trait bound introduced here
[INFO] [stdout] note: required by a bound in `Vep`
[INFO] [stdout]    --> src/lib.rs:82:19
[INFO] [stdout]     |
[INFO] [stdout] 82  | pub struct Vep<D: Digester>(pub D);
[INFO] [stdout]     |                   ^^^^^^^^ required by this bound in `Vep`
[INFO] [stdout] 
[INFO] [stdout] 
[INFO] [stdout] error[E0599]: the function or associated item `output_size_calc` exists for struct `Vep<Hasher>`, but its trait bounds were not satisfied
[INFO] [stdout]    --> src/lib.rs:216:42
[INFO] [stdout]     |
[INFO] [stdout] 82  | pub struct Vep<D: Digester>(pub D);
[INFO] [stdout]     | --------------------------- function or associated item `output_size_calc` not found for this struct
[INFO] [stdout] ...
[INFO] [stdout] 216 |         assert_eq!(b_len, Vep::<Hasher>::output_size_calc(src));
[INFO] [stdout]     |                                          ^^^^^^^^^^^^^^^^ function or associated item cannot be called on `Vep<Hasher>` due to unsatisfied trait bounds
[INFO] [stdout]     |
[INFO] [stdout]    ::: /opt/rustwide/cargo-home/registry/src/index.crates.io-6f17d22bba15001f/blake3-1.3.3/src/lib.rs:939:1
[INFO] [stdout]     |
[INFO] [stdout] 939 | pub struct Hasher {
[INFO] [stdout]     | ----------------- doesn't satisfy `blake3::Hasher: Digester`
[INFO] [stdout]     |
[INFO] [stdout] note: trait bound `blake3::Hasher: Digester` was not satisfied
[INFO] [stdout]    --> src/lib.rs:84:9
[INFO] [stdout]     |
[INFO] [stdout] 84  | impl<D: Digester> Vep<D> {
[INFO] [stdout]     |         ^^^^^^^^  ------
[INFO] [stdout]     |         |
[INFO] [stdout]     |         unsatisfied trait bound introduced here
[INFO] [stdout] 
[INFO] [stdout] 
[INFO] [stdout] error[E0277]: the trait bound `blake3::Hasher: digest::Update` is not satisfied
[INFO] [stdout]    --> src/lib.rs:216:27
[INFO] [stdout]     |
[INFO] [stdout] 216 |         assert_eq!(b_len, Vep::<Hasher>::output_size_calc(src));
[INFO] [stdout]     |                           ^^^^^^^^^^^^^ the trait `digest::Update` is not implemented for `blake3::Hasher`
[INFO] [stdout]     |
[INFO] [stdout]     = help: the following other types implement trait `digest::Update`:
[INFO] [stdout]               Keccak224
[INFO] [stdout]               Keccak256
[INFO] [stdout]               Keccak256Full
[INFO] [stdout]               Keccak384
[INFO] [stdout]               Keccak512
[INFO] [stdout]               Sha224
[INFO] [stdout]               Sha256
[INFO] [stdout]               Sha384
[INFO] [stdout]             and 9 others
[INFO] [stdout]     = note: required for `blake3::Hasher` to implement `digest::Digest`
[INFO] [stdout] note: required for `blake3::Hasher` to implement `Digester`
[INFO] [stdout]    --> src/lib.rs:61:24
[INFO] [stdout]     |
[INFO] [stdout] 61  | impl<D: parts::Digest> Digester for D {
[INFO] [stdout]     |         -------------  ^^^^^^^^     ^
[INFO] [stdout]     |         |
[INFO] [stdout]     |         unsatisfied trait bound introduced here
[INFO] [stdout] note: required by a bound in `Vep`
[INFO] [stdout]    --> src/lib.rs:82:19
[INFO] [stdout]     |
[INFO] [stdout] 82  | pub struct Vep<D: Digester>(pub D);
[INFO] [stdout]     |                   ^^^^^^^^ required by this bound in `Vep`
[INFO] [stdout] 
[INFO] [stdout] 
[INFO] [stdout] error[E0277]: the trait bound `blake3::Hasher: digest::Reset` is not satisfied
[INFO] [stdout]    --> src/lib.rs:216:27
[INFO] [stdout]     |
[INFO] [stdout] 216 |         assert_eq!(b_len, Vep::<Hasher>::output_size_calc(src));
[INFO] [stdout]     |                           ^^^^^^^^^^^^^ the trait `digest::Reset` is not implemented for `blake3::Hasher`
[INFO] [stdout]     |
[INFO] [stdout]     = help: the following other types implement trait `digest::Reset`:
[INFO] [stdout]               Keccak224
[INFO] [stdout]               Keccak256
[INFO] [stdout]               Keccak256Full
[INFO] [stdout]               Keccak384
[INFO] [stdout]               Keccak512
[INFO] [stdout]               Sha224
[INFO] [stdout]               Sha256
[INFO] [stdout]               Sha384
[INFO] [stdout]             and 9 others
[INFO] [stdout]     = note: required for `blake3::Hasher` to implement `digest::Digest`
[INFO] [stdout] note: required for `blake3::Hasher` to implement `Digester`
[INFO] [stdout]    --> src/lib.rs:61:24
[INFO] [stdout]     |
[INFO] [stdout] 61  | impl<D: parts::Digest> Digester for D {
[INFO] [stdout]     |         -------------  ^^^^^^^^     ^
[INFO] [stdout]     |         |
[INFO] [stdout]     |         unsatisfied trait bound introduced here
[INFO] [stdout] note: required by a bound in `Vep`
[INFO] [stdout]    --> src/lib.rs:82:19
[INFO] [stdout]     |
[INFO] [stdout] 82  | pub struct Vep<D: Digester>(pub D);
[INFO] [stdout]     |                   ^^^^^^^^ required by this bound in `Vep`
[INFO] [stdout] 
[INFO] [stdout] 
[INFO] [stdout] error[E0277]: the trait bound `blake3::Hasher: FixedOutputDirty` is not satisfied
[INFO] [stdout]    --> src/lib.rs:216:27
[INFO] [stdout]     |
[INFO] [stdout] 216 |         assert_eq!(b_len, Vep::<Hasher>::output_size_calc(src));
[INFO] [stdout]     |                           ^^^^^^^^^^^^^ the trait `FixedOutputDirty` is not implemented for `blake3::Hasher`
[INFO] [stdout]     |
[INFO] [stdout]     = help: the following other types implement trait `FixedOutputDirty`:
[INFO] [stdout]               Keccak224
[INFO] [stdout]               Keccak256
[INFO] [stdout]               Keccak256Full
[INFO] [stdout]               Keccak384
[INFO] [stdout]               Keccak512
[INFO] [stdout]               Sha224
[INFO] [stdout]               Sha256
[INFO] [stdout]               Sha384
[INFO] [stdout]             and 7 others
[INFO] [stdout]     = note: required for `blake3::Hasher` to implement `digest::FixedOutput`
[INFO] [stdout]     = note: required for `blake3::Hasher` to implement `digest::Digest`
[INFO] [stdout] note: required for `blake3::Hasher` to implement `Digester`
[INFO] [stdout]    --> src/lib.rs:61:24
[INFO] [stdout]     |
[INFO] [stdout] 61  | impl<D: parts::Digest> Digester for D {
[INFO] [stdout]     |         -------------  ^^^^^^^^     ^
[INFO] [stdout]     |         |
[INFO] [stdout]     |         unsatisfied trait bound introduced here
[INFO] [stdout] note: required by a bound in `Vep`
[INFO] [stdout]    --> src/lib.rs:82:19
[INFO] [stdout]     |
[INFO] [stdout] 82  | pub struct Vep<D: Digester>(pub D);
[INFO] [stdout]     |                   ^^^^^^^^ required by this bound in `Vep`
[INFO] [stdout] 
[INFO] [stdout] 
[INFO] [stdout] error[E0599]: the function or associated item `new` exists for struct `Sha384`, but its trait bounds were not satisfied
[INFO] [stdout]    --> src/lib.rs:218:43
[INFO] [stdout]     |
[INFO] [stdout] 218 |         let sha2_expanded = Vep(Sha2_384::new()).expand(src); // output = 48 bytes == 384 bits
[INFO] [stdout]     |                                           ^^^ function or associated item cannot be called on `Sha384` due to unsatisfied trait bounds
[INFO] [stdout]     |
[INFO] [stdout]    ::: /opt/rustwide/cargo-home/registry/src/index.crates.io-6f17d22bba15001f/sha2-0.9.9/src/sha512.rs:93:1
[INFO] [stdout]     |
[INFO] [stdout] 93  | pub struct Sha384 {
[INFO] [stdout]     | -----------------
[INFO] [stdout]     | |
[INFO] [stdout]     | doesn't satisfy `Sha384: HashMarker`
[INFO] [stdout]     | doesn't satisfy `Sha384: blake3::traits::digest::Digest`
[INFO] [stdout]     | doesn't satisfy `Sha384: blake3::traits::digest::FixedOutput`
[INFO] [stdout]     | doesn't satisfy `Sha384: blake3::traits::digest::Update`
[INFO] [stdout]     |
[INFO] [stdout]     = note: the following trait bounds were not satisfied:
[INFO] [stdout]             `Sha384: blake3::traits::digest::FixedOutput`
[INFO] [stdout]             which is required by `Sha384: blake3::traits::digest::Digest`
[INFO] [stdout]             `Sha384: blake3::traits::digest::Update`
[INFO] [stdout]             which is required by `Sha384: blake3::traits::digest::Digest`
[INFO] [stdout]             `Sha384: HashMarker`
[INFO] [stdout]             which is required by `Sha384: blake3::traits::digest::Digest`
[INFO] [stdout]             `&Sha384: blake3::traits::digest::FixedOutput`
[INFO] [stdout]             which is required by `&Sha384: blake3::traits::digest::Digest`
[INFO] [stdout]             `&Sha384: Default`
[INFO] [stdout]             which is required by `&Sha384: blake3::traits::digest::Digest`
[INFO] [stdout]             `&Sha384: blake3::traits::digest::Update`
[INFO] [stdout]             which is required by `&Sha384: blake3::traits::digest::Digest`
[INFO] [stdout]             `&Sha384: HashMarker`
[INFO] [stdout]             which is required by `&Sha384: blake3::traits::digest::Digest`
[INFO] [stdout]             `&mut Sha384: blake3::traits::digest::FixedOutput`
[INFO] [stdout]             which is required by `&mut Sha384: blake3::traits::digest::Digest`
[INFO] [stdout]             `&mut Sha384: Default`
[INFO] [stdout]             which is required by `&mut Sha384: blake3::traits::digest::Digest`
[INFO] [stdout]             `&mut Sha384: blake3::traits::digest::Update`
[INFO] [stdout]             which is required by `&mut Sha384: blake3::traits::digest::Digest`
[INFO] [stdout]             `&mut Sha384: HashMarker`
[INFO] [stdout]             which is required by `&mut Sha384: blake3::traits::digest::Digest`
[INFO] [stdout]     = help: items from traits can only be used if the trait is in scope
[INFO] [stdout] help: the following trait is implemented but not in scope; perhaps add a `use` for it:
[INFO] [stdout]     |
[INFO] [stdout] 167 +     use digest::Digest;
[INFO] [stdout]     |
[INFO] [stdout] 
[INFO] [stdout] 
[INFO] [stdout] error[E0599]: the function or associated item `new` exists for struct `Sha3_512`, but its trait bounds were not satisfied
[INFO] [stdout]    --> src/lib.rs:223:43
[INFO] [stdout]     |
[INFO] [stdout] 223 |           let sha3_expanded = Vep(Sha3_512::new()).expand(src); // output = 64 bytes == 512 bits
[INFO] [stdout]     |                                             ^^^ function or associated item cannot be called on `Sha3_512` due to unsatisfied trait bounds
[INFO] [stdout]     |
[INFO] [stdout]    ::: /opt/rustwide/cargo-home/registry/src/index.crates.io-6f17d22bba15001f/sha3-0.9.1/src/lib.rs:123:1
[INFO] [stdout]     |
[INFO] [stdout] 123 | / sha3_impl!(
[INFO] [stdout] 124 | |     Sha3_512,
[INFO] [stdout] 125 | |     U64,
[INFO] [stdout] 126 | |     U72,
[INFO] [stdout] 127 | |     paddings::Sha3,
[INFO] [stdout] 128 | |     "SHA-3-512 hash function."
[INFO] [stdout] 129 | | );
[INFO] [stdout]     | | -
[INFO] [stdout]     | | |
[INFO] [stdout]     | | doesn't satisfy `Sha3_512: HashMarker`
[INFO] [stdout]     | | doesn't satisfy `Sha3_512: blake3::traits::digest::Digest`
[INFO] [stdout]     | |_doesn't satisfy `Sha3_512: blake3::traits::digest::FixedOutput`
[INFO] [stdout]     |   doesn't satisfy `Sha3_512: blake3::traits::digest::Update`
[INFO] [stdout]     |
[INFO] [stdout]     = note: the following trait bounds were not satisfied:
[INFO] [stdout]             `Sha3_512: blake3::traits::digest::FixedOutput`
[INFO] [stdout]             which is required by `Sha3_512: blake3::traits::digest::Digest`
[INFO] [stdout]             `Sha3_512: blake3::traits::digest::Update`
[INFO] [stdout]             which is required by `Sha3_512: blake3::traits::digest::Digest`
[INFO] [stdout]             `Sha3_512: HashMarker`
[INFO] [stdout]             which is required by `Sha3_512: blake3::traits::digest::Digest`
[INFO] [stdout]             `&Sha3_512: blake3::traits::digest::FixedOutput`
[INFO] [stdout]             which is required by `&Sha3_512: blake3::traits::digest::Digest`
[INFO] [stdout]             `&Sha3_512: Default`
[INFO] [stdout]             which is required by `&Sha3_512: blake3::traits::digest::Digest`
[INFO] [stdout]             `&Sha3_512: blake3::traits::digest::Update`
[INFO] [stdout]             which is required by `&Sha3_512: blake3::traits::digest::Digest`
[INFO] [stdout]             `&Sha3_512: HashMarker`
[INFO] [stdout]             which is required by `&Sha3_512: blake3::traits::digest::Digest`
[INFO] [stdout]             `&mut Sha3_512: blake3::traits::digest::FixedOutput`
[INFO] [stdout]             which is required by `&mut Sha3_512: blake3::traits::digest::Digest`
[INFO] [stdout]             `&mut Sha3_512: Default`
[INFO] [stdout]             which is required by `&mut Sha3_512: blake3::traits::digest::Digest`
[INFO] [stdout]             `&mut Sha3_512: blake3::traits::digest::Update`
[INFO] [stdout]             which is required by `&mut Sha3_512: blake3::traits::digest::Digest`
[INFO] [stdout]             `&mut Sha3_512: HashMarker`
[INFO] [stdout]             which is required by `&mut Sha3_512: blake3::traits::digest::Digest`
[INFO] [stdout]     = help: items from traits can only be used if the trait is in scope
[INFO] [stdout] help: the following trait is implemented but not in scope; perhaps add a `use` for it:
[INFO] [stdout]     |
[INFO] [stdout] 167 +     use digest::Digest;
[INFO] [stdout]     |
[INFO] [stdout] 
[INFO] [stdout] 
[INFO] [stdout] error[E0277]: the trait bound `blake3::Hasher: digest::Update` is not satisfied
[INFO] [stdout]    --> src/lib.rs:250:35
[INFO] [stdout]     |
[INFO] [stdout] 250 |         let blake3_expanded = Vep(Hasher::new()).expand_and_then_reduce(src);
[INFO] [stdout]     |                               --- ^^^^^^^^^^^^^ the trait `digest::Update` is not implemented for `blake3::Hasher`
[INFO] [stdout]     |                               |
[INFO] [stdout]     |                               required by a bound introduced by this call
[INFO] [stdout]     |
[INFO] [stdout]     = help: the following other types implement trait `digest::Update`:
[INFO] [stdout]               Keccak224
[INFO] [stdout]               Keccak256
[INFO] [stdout]               Keccak256Full
[INFO] [stdout]               Keccak384
[INFO] [stdout]               Keccak512
[INFO] [stdout]               Sha224
[INFO] [stdout]               Sha256
[INFO] [stdout]               Sha384
[INFO] [stdout]             and 9 others
[INFO] [stdout]     = note: required for `blake3::Hasher` to implement `digest::Digest`
[INFO] [stdout] note: required for `blake3::Hasher` to implement `Digester`
[INFO] [stdout]    --> src/lib.rs:61:24
[INFO] [stdout]     |
[INFO] [stdout] 61  | impl<D: parts::Digest> Digester for D {
[INFO] [stdout]     |         -------------  ^^^^^^^^     ^
[INFO] [stdout]     |         |
[INFO] [stdout]     |         unsatisfied trait bound introduced here
[INFO] [stdout] note: required by a bound in `Vep`
[INFO] [stdout]    --> src/lib.rs:82:19
[INFO] [stdout]     |
[INFO] [stdout] 82  | pub struct Vep<D: Digester>(pub D);
[INFO] [stdout]     |                   ^^^^^^^^ required by this bound in `Vep`
[INFO] [stdout] 
[INFO] [stdout] 
[INFO] [stdout] error[E0277]: the trait bound `blake3::Hasher: digest::Reset` is not satisfied
[INFO] [stdout]    --> src/lib.rs:250:35
[INFO] [stdout]     |
[INFO] [stdout] 250 |         let blake3_expanded = Vep(Hasher::new()).expand_and_then_reduce(src);
[INFO] [stdout]     |                               --- ^^^^^^^^^^^^^ the trait `digest::Reset` is not implemented for `blake3::Hasher`
[INFO] [stdout]     |                               |
[INFO] [stdout]     |                               required by a bound introduced by this call
[INFO] [stdout]     |
[INFO] [stdout]     = help: the following other types implement trait `digest::Reset`:
[INFO] [stdout]               Keccak224
[INFO] [stdout]               Keccak256
[INFO] [stdout]               Keccak256Full
[INFO] [stdout]               Keccak384
[INFO] [stdout]               Keccak512
[INFO] [stdout]               Sha224
[INFO] [stdout]               Sha256
[INFO] [stdout]               Sha384
[INFO] [stdout]             and 9 others
[INFO] [stdout]     = note: required for `blake3::Hasher` to implement `digest::Digest`
[INFO] [stdout] note: required for `blake3::Hasher` to implement `Digester`
[INFO] [stdout]    --> src/lib.rs:61:24
[INFO] [stdout]     |
[INFO] [stdout] 61  | impl<D: parts::Digest> Digester for D {
[INFO] [stdout]     |         -------------  ^^^^^^^^     ^
[INFO] [stdout]     |         |
[INFO] [stdout]     |         unsatisfied trait bound introduced here
[INFO] [stdout] note: required by a bound in `Vep`
[INFO] [stdout]    --> src/lib.rs:82:19
[INFO] [stdout]     |
[INFO] [stdout] 82  | pub struct Vep<D: Digester>(pub D);
[INFO] [stdout]     |                   ^^^^^^^^ required by this bound in `Vep`
[INFO] [stdout] 
[INFO] [stdout] 
[INFO] [stdout] error[E0277]: the trait bound `blake3::Hasher: FixedOutputDirty` is not satisfied
[INFO] [stdout]    --> src/lib.rs:250:35
[INFO] [stdout]     |
[INFO] [stdout] 250 |         let blake3_expanded = Vep(Hasher::new()).expand_and_then_reduce(src);
[INFO] [stdout]     |                               --- ^^^^^^^^^^^^^ the trait `FixedOutputDirty` is not implemented for `blake3::Hasher`
[INFO] [stdout]     |                               |
[INFO] [stdout]     |                               required by a bound introduced by this call
[INFO] [stdout]     |
[INFO] [stdout]     = help: the following other types implement trait `FixedOutputDirty`:
[INFO] [stdout]               Keccak224
[INFO] [stdout]               Keccak256
[INFO] [stdout]               Keccak256Full
[INFO] [stdout]               Keccak384
[INFO] [stdout]               Keccak512
[INFO] [stdout]               Sha224
[INFO] [stdout]               Sha256
[INFO] [stdout]               Sha384
[INFO] [stdout]             and 7 others
[INFO] [stdout]     = note: required for `blake3::Hasher` to implement `digest::FixedOutput`
[INFO] [stdout]     = note: required for `blake3::Hasher` to implement `digest::Digest`
[INFO] [stdout] note: required for `blake3::Hasher` to implement `Digester`
[INFO] [stdout]    --> src/lib.rs:61:24
[INFO] [stdout]     |
[INFO] [stdout] 61  | impl<D: parts::Digest> Digester for D {
[INFO] [stdout]     |         -------------  ^^^^^^^^     ^
[INFO] [stdout]     |         |
[INFO] [stdout]     |         unsatisfied trait bound introduced here
[INFO] [stdout] note: required by a bound in `Vep`
[INFO] [stdout]    --> src/lib.rs:82:19
[INFO] [stdout]     |
[INFO] [stdout] 82  | pub struct Vep<D: Digester>(pub D);
[INFO] [stdout]     |                   ^^^^^^^^ required by this bound in `Vep`
[INFO] [stdout] 
[INFO] [stdout] 
[INFO] [stdout] error[E0599]: the method `expand_and_then_reduce` exists for struct `Vep<Hasher>`, but its trait bounds were not satisfied
[INFO] [stdout]    --> src/lib.rs:250:50
[INFO] [stdout]     |
[INFO] [stdout] 82  | pub struct Vep<D: Digester>(pub D);
[INFO] [stdout]     | --------------------------- method `expand_and_then_reduce` not found for this struct
[INFO] [stdout] ...
[INFO] [stdout] 250 |         let blake3_expanded = Vep(Hasher::new()).expand_and_then_reduce(src);
[INFO] [stdout]     |                                                  ^^^^^^^^^^^^^^^^^^^^^^ method cannot be called on `Vep<Hasher>` due to unsatisfied trait bounds
[INFO] [stdout]     |
[INFO] [stdout]    ::: /opt/rustwide/cargo-home/registry/src/index.crates.io-6f17d22bba15001f/blake3-1.3.3/src/lib.rs:939:1
[INFO] [stdout]     |
[INFO] [stdout] 939 | pub struct Hasher {
[INFO] [stdout]     | ----------------- doesn't satisfy `blake3::Hasher: Digester`
[INFO] [stdout]     |
[INFO] [stdout] note: trait bound `blake3::Hasher: Digester` was not satisfied
[INFO] [stdout]    --> src/lib.rs:84:9
[INFO] [stdout]     |
[INFO] [stdout] 84  | impl<D: Digester> Vep<D> {
[INFO] [stdout]     |         ^^^^^^^^  ------
[INFO] [stdout]     |         |
[INFO] [stdout]     |         unsatisfied trait bound introduced here
[INFO] [stdout] 
[INFO] [stdout] 
[INFO] [stdout] error[E0277]: the trait bound `blake3::Hasher: digest::Update` is not satisfied
[INFO] [stdout]    --> src/lib.rs:250:31
[INFO] [stdout]     |
[INFO] [stdout] 250 |         let blake3_expanded = Vep(Hasher::new()).expand_and_then_reduce(src);
[INFO] [stdout]     |                               ^^^^^^^^^^^^^^^^^^ the trait `digest::Update` is not implemented for `blake3::Hasher`
[INFO] [stdout]     |
[INFO] [stdout]     = help: the following other types implement trait `digest::Update`:
[INFO] [stdout]               Keccak224
[INFO] [stdout]               Keccak256
[INFO] [stdout]               Keccak256Full
[INFO] [stdout]               Keccak384
[INFO] [stdout]               Keccak512
[INFO] [stdout]               Sha224
[INFO] [stdout]               Sha256
[INFO] [stdout]               Sha384
[INFO] [stdout]             and 9 others
[INFO] [stdout]     = note: required for `blake3::Hasher` to implement `digest::Digest`
[INFO] [stdout] note: required for `blake3::Hasher` to implement `Digester`
[INFO] [stdout]    --> src/lib.rs:61:24
[INFO] [stdout]     |
[INFO] [stdout] 61  | impl<D: parts::Digest> Digester for D {
[INFO] [stdout]     |         -------------  ^^^^^^^^     ^
[INFO] [stdout]     |         |
[INFO] [stdout]     |         unsatisfied trait bound introduced here
[INFO] [stdout] note: required by a bound in `Vep`
[INFO] [stdout]    --> src/lib.rs:82:19
[INFO] [stdout]     |
[INFO] [stdout] 82  | pub struct Vep<D: Digester>(pub D);
[INFO] [stdout]     |                   ^^^^^^^^ required by this bound in `Vep`
[INFO] [stdout] 
[INFO] [stdout] 
[INFO] [stdout] error[E0277]: the trait bound `blake3::Hasher: digest::Reset` is not satisfied
[INFO] [stdout]    --> src/lib.rs:250:31
[INFO] [stdout]     |
[INFO] [stdout] 250 |         let blake3_expanded = Vep(Hasher::new()).expand_and_then_reduce(src);
[INFO] [stdout]     |                               ^^^^^^^^^^^^^^^^^^ the trait `digest::Reset` is not implemented for `blake3::Hasher`
[INFO] [stdout]     |
[INFO] [stdout]     = help: the following other types implement trait `digest::Reset`:
[INFO] [stdout]               Keccak224
[INFO] [stdout]               Keccak256
[INFO] [stdout]               Keccak256Full
[INFO] [stdout]               Keccak384
[INFO] [stdout]               Keccak512
[INFO] [stdout]               Sha224
[INFO] [stdout]               Sha256
[INFO] [stdout]               Sha384
[INFO] [stdout]             and 9 others
[INFO] [stdout]     = note: required for `blake3::Hasher` to implement `digest::Digest`
[INFO] [stdout] note: required for `blake3::Hasher` to implement `Digester`
[INFO] [stdout]    --> src/lib.rs:61:24
[INFO] [stdout]     |
[INFO] [stdout] 61  | impl<D: parts::Digest> Digester for D {
[INFO] [stdout]     |         -------------  ^^^^^^^^     ^
[INFO] [stdout]     |         |
[INFO] [stdout]     |         unsatisfied trait bound introduced here
[INFO] [stdout] note: required by a bound in `Vep`
[INFO] [stdout]    --> src/lib.rs:82:19
[INFO] [stdout]     |
[INFO] [stdout] 82  | pub struct Vep<D: Digester>(pub D);
[INFO] [stdout]     |                   ^^^^^^^^ required by this bound in `Vep`
[INFO] [stdout] 
[INFO] [stdout] 
[INFO] [stdout] error[E0277]: the trait bound `blake3::Hasher: FixedOutputDirty` is not satisfied
[INFO] [stdout]    --> src/lib.rs:250:31
[INFO] [stdout]     |
[INFO] [stdout] 250 |         let blake3_expanded = Vep(Hasher::new()).expand_and_then_reduce(src);
[INFO] [stdout]     |                               ^^^^^^^^^^^^^^^^^^ the trait `FixedOutputDirty` is not implemented for `blake3::Hasher`
[INFO] [stdout]     |
[INFO] [stdout]     = help: the following other types implement trait `FixedOutputDirty`:
[INFO] [stdout]               Keccak224
[INFO] [stdout]               Keccak256
[INFO] [stdout]               Keccak256Full
[INFO] [stdout]               Keccak384
[INFO] [stdout]               Keccak512
[INFO] [stdout]               Sha224
[INFO] [stdout]               Sha256
[INFO] [stdout]               Sha384
[INFO] [stdout]             and 7 others
[INFO] [stdout]     = note: required for `blake3::Hasher` to implement `digest::FixedOutput`
[INFO] [stdout]     = note: required for `blake3::Hasher` to implement `digest::Digest`
[INFO] [stdout] note: required for `blake3::Hasher` to implement `Digester`
[INFO] [stdout]    --> src/lib.rs:61:24
[INFO] [stdout]     |
[INFO] [stdout] 61  | impl<D: parts::Digest> Digester for D {
[INFO] [stdout]     |         -------------  ^^^^^^^^     ^
[INFO] [stdout]     |         |
[INFO] [stdout]     |         unsatisfied trait bound introduced here
[INFO] [stdout] note: required by a bound in `Vep`
[INFO] [stdout]    --> src/lib.rs:82:19
[INFO] [stdout]     |
[INFO] [stdout] 82  | pub struct Vep<D: Digester>(pub D);
[INFO] [stdout]     |                   ^^^^^^^^ required by this bound in `Vep`
[INFO] [stdout] 
[INFO] [stdout] 
[INFO] [stdout] error[E0599]: the function or associated item `reduced_size_calc` exists for struct `Vep<Hasher>`, but its trait bounds were not satisfied
[INFO] [stdout]    --> src/lib.rs:253:42
[INFO] [stdout]     |
[INFO] [stdout] 82  | pub struct Vep<D: Digester>(pub D);
[INFO] [stdout]     | --------------------------- function or associated item `reduced_size_calc` not found for this struct
[INFO] [stdout] ...
[INFO] [stdout] 253 |         assert_eq!(b_len, Vep::<Hasher>::reduced_size_calc());
[INFO] [stdout]     |                                          ^^^^^^^^^^^^^^^^^ function or associated item cannot be called on `Vep<Hasher>` due to unsatisfied trait bounds
[INFO] [stdout]     |
[INFO] [stdout]    ::: /opt/rustwide/cargo-home/registry/src/index.crates.io-6f17d22bba15001f/blake3-1.3.3/src/lib.rs:939:1
[INFO] [stdout]     |
[INFO] [stdout] 939 | pub struct Hasher {
[INFO] [stdout]     | ----------------- doesn't satisfy `blake3::Hasher: Digester`
[INFO] [stdout]     |
[INFO] [stdout] note: trait bound `blake3::Hasher: Digester` was not satisfied
[INFO] [stdout]    --> src/lib.rs:84:9
[INFO] [stdout]     |
[INFO] [stdout] 84  | impl<D: Digester> Vep<D> {
[INFO] [stdout]     |         ^^^^^^^^  ------
[INFO] [stdout]     |         |
[INFO] [stdout]     |         unsatisfied trait bound introduced here
[INFO] [stdout] 
[INFO] [stdout] 
[INFO] [stdout] error[E0277]: the trait bound `blake3::Hasher: digest::Update` is not satisfied
[INFO] [stdout]    --> src/lib.rs:253:27
[INFO] [stdout]     |
[INFO] [stdout] 253 |         assert_eq!(b_len, Vep::<Hasher>::reduced_size_calc());
[INFO] [stdout]     |                           ^^^^^^^^^^^^^ the trait `digest::Update` is not implemented for `blake3::Hasher`
[INFO] [stdout]     |
[INFO] [stdout]     = help: the following other types implement trait `digest::Update`:
[INFO] [stdout]               Keccak224
[INFO] [stdout]               Keccak256
[INFO] [stdout]               Keccak256Full
[INFO] [stdout]               Keccak384
[INFO] [stdout]               Keccak512
[INFO] [stdout]               Sha224
[INFO] [stdout]               Sha256
[INFO] [stdout]               Sha384
[INFO] [stdout]             and 9 others
[INFO] [stdout]     = note: required for `blake3::Hasher` to implement `digest::Digest`
[INFO] [stdout] note: required for `blake3::Hasher` to implement `Digester`
[INFO] [stdout]    --> src/lib.rs:61:24
[INFO] [stdout]     |
[INFO] [stdout] 61  | impl<D: parts::Digest> Digester for D {
[INFO] [stdout]     |         -------------  ^^^^^^^^     ^
[INFO] [stdout]     |         |
[INFO] [stdout]     |         unsatisfied trait bound introduced here
[INFO] [stdout] note: required by a bound in `Vep`
[INFO] [stdout]    --> src/lib.rs:82:19
[INFO] [stdout]     |
[INFO] [stdout] 82  | pub struct Vep<D: Digester>(pub D);
[INFO] [stdout]     |                   ^^^^^^^^ required by this bound in `Vep`
[INFO] [stdout] 
[INFO] [stdout] 
[INFO] [stdout] error[E0277]: the trait bound `blake3::Hasher: digest::Reset` is not satisfied
[INFO] [stdout]    --> src/lib.rs:253:27
[INFO] [stdout]     |
[INFO] [stdout] 253 |         assert_eq!(b_len, Vep::<Hasher>::reduced_size_calc());
[INFO] [stdout]     |                           ^^^^^^^^^^^^^ the trait `digest::Reset` is not implemented for `blake3::Hasher`
[INFO] [stdout]     |
[INFO] [stdout]     = help: the following other types implement trait `digest::Reset`:
[INFO] [stdout]               Keccak224
[INFO] [stdout]               Keccak256
[INFO] [stdout]               Keccak256Full
[INFO] [stdout]               Keccak384
[INFO] [stdout]               Keccak512
[INFO] [stdout]               Sha224
[INFO] [stdout]               Sha256
[INFO] [stdout]               Sha384
[INFO] [stdout]             and 9 others
[INFO] [stdout]     = note: required for `blake3::Hasher` to implement `digest::Digest`
[INFO] [stdout] note: required for `blake3::Hasher` to implement `Digester`
[INFO] [stdout]    --> src/lib.rs:61:24
[INFO] [stdout]     |
[INFO] [stdout] 61  | impl<D: parts::Digest> Digester for D {
[INFO] [stdout]     |         -------------  ^^^^^^^^     ^
[INFO] [stdout]     |         |
[INFO] [stdout]     |         unsatisfied trait bound introduced here
[INFO] [stdout] note: required by a bound in `Vep`
[INFO] [stdout]    --> src/lib.rs:82:19
[INFO] [stdout]     |
[INFO] [stdout] 82  | pub struct Vep<D: Digester>(pub D);
[INFO] [stdout]     |                   ^^^^^^^^ required by this bound in `Vep`
[INFO] [stdout] 
[INFO] [stdout] 
[INFO] [stdout] error[E0277]: the trait bound `blake3::Hasher: FixedOutputDirty` is not satisfied
[INFO] [stdout]    --> src/lib.rs:253:27
[INFO] [stdout]     |
[INFO] [stdout] 253 |         assert_eq!(b_len, Vep::<Hasher>::reduced_size_calc());
[INFO] [stdout]     |                           ^^^^^^^^^^^^^ the trait `FixedOutputDirty` is not implemented for `blake3::Hasher`
[INFO] [stdout]     |
[INFO] [stdout]     = help: the following other types implement trait `FixedOutputDirty`:
[INFO] [stdout]               Keccak224
[INFO] [stdout]               Keccak256
[INFO] [stdout]               Keccak256Full
[INFO] [stdout]               Keccak384
[INFO] [stdout]               Keccak512
[INFO] [stdout]               Sha224
[INFO] [stdout]               Sha256
[INFO] [stdout]               Sha384
[INFO] [stdout]             and 7 others
[INFO] [stdout]     = note: required for `blake3::Hasher` to implement `digest::FixedOutput`
[INFO] [stdout]     = note: required for `blake3::Hasher` to implement `digest::Digest`
[INFO] [stdout] note: required for `blake3::Hasher` to implement `Digester`
[INFO] [stdout]    --> src/lib.rs:61:24
[INFO] [stdout]     |
[INFO] [stdout] 61  | impl<D: parts::Digest> Digester for D {
[INFO] [stdout]     |         -------------  ^^^^^^^^     ^
[INFO] [stdout]     |         |
[INFO] [stdout]     |         unsatisfied trait bound introduced here
[INFO] [stdout] note: required by a bound in `Vep`
[INFO] [stdout]    --> src/lib.rs:82:19
[INFO] [stdout]     |
[INFO] [stdout] 82  | pub struct Vep<D: Digester>(pub D);
[INFO] [stdout]     |                   ^^^^^^^^ required by this bound in `Vep`
[INFO] [stdout] 
[INFO] [stdout] 
[INFO] [stdout] error[E0599]: the function or associated item `new` exists for struct `Sha384`, but its trait bounds were not satisfied
[INFO] [stdout]    --> src/lib.rs:255:43
[INFO] [stdout]     |
[INFO] [stdout] 255 |         let sha2_expanded = Vep(Sha2_384::new()).expand_and_then_reduce(src);
[INFO] [stdout]     |                                           ^^^ function or associated item cannot be called on `Sha384` due to unsatisfied trait bounds
[INFO] [stdout]     |
[INFO] [stdout]    ::: /opt/rustwide/cargo-home/registry/src/index.crates.io-6f17d22bba15001f/sha2-0.9.9/src/sha512.rs:93:1
[INFO] [stdout]     |
[INFO] [stdout] 93  | pub struct Sha384 {
[INFO] [stdout]     | -----------------
[INFO] [stdout]     | |
[INFO] [stdout]     | doesn't satisfy `Sha384: HashMarker`
[INFO] [stdout]     | doesn't satisfy `Sha384: blake3::traits::digest::Digest`
[INFO] [stdout]     | doesn't satisfy `Sha384: blake3::traits::digest::FixedOutput`
[INFO] [stdout]     | doesn't satisfy `Sha384: blake3::traits::digest::Update`
[INFO] [stdout]     |
[INFO] [stdout]     = note: the following trait bounds were not satisfied:
[INFO] [stdout]             `Sha384: blake3::traits::digest::FixedOutput`
[INFO] [stdout]             which is required by `Sha384: blake3::traits::digest::Digest`
[INFO] [stdout]             `Sha384: blake3::traits::digest::Update`
[INFO] [stdout]             which is required by `Sha384: blake3::traits::digest::Digest`
[INFO] [stdout]             `Sha384: HashMarker`
[INFO] [stdout]             which is required by `Sha384: blake3::traits::digest::Digest`
[INFO] [stdout]             `&Sha384: blake3::traits::digest::FixedOutput`
[INFO] [stdout]             which is required by `&Sha384: blake3::traits::digest::Digest`
[INFO] [stdout]             `&Sha384: Default`
[INFO] [stdout]             which is required by `&Sha384: blake3::traits::digest::Digest`
[INFO] [stdout]             `&Sha384: blake3::traits::digest::Update`
[INFO] [stdout]             which is required by `&Sha384: blake3::traits::digest::Digest`
[INFO] [stdout]             `&Sha384: HashMarker`
[INFO] [stdout]             which is required by `&Sha384: blake3::traits::digest::Digest`
[INFO] [stdout]             `&mut Sha384: blake3::traits::digest::FixedOutput`
[INFO] [stdout]             which is required by `&mut Sha384: blake3::traits::digest::Digest`
[INFO] [stdout]             `&mut Sha384: Default`
[INFO] [stdout]             which is required by `&mut Sha384: blake3::traits::digest::Digest`
[INFO] [stdout]             `&mut Sha384: blake3::traits::digest::Update`
[INFO] [stdout]             which is required by `&mut Sha384: blake3::traits::digest::Digest`
[INFO] [stdout]             `&mut Sha384: HashMarker`
[INFO] [stdout]             which is required by `&mut Sha384: blake3::traits::digest::Digest`
[INFO] [stdout]     = help: items from traits can only be used if the trait is in scope
[INFO] [stdout] help: the following trait is implemented but not in scope; perhaps add a `use` for it:
[INFO] [stdout]     |
[INFO] [stdout] 167 +     use digest::Digest;
[INFO] [stdout]     |
[INFO] [stdout] 
[INFO] [stdout] 
[INFO] [stdout] error[E0599]: the function or associated item `new` exists for struct `Sha3_512`, but its trait bounds were not satisfied
[INFO] [stdout]    --> src/lib.rs:260:43
[INFO] [stdout]     |
[INFO] [stdout] 260 |           let sha3_expanded = Vep(Sha3_512::new()).expand_and_then_reduce(src);
[INFO] [stdout]     |                                             ^^^ function or associated item cannot be called on `Sha3_512` due to unsatisfied trait bounds
[INFO] [stdout]     |
[INFO] [stdout]    ::: /opt/rustwide/cargo-home/registry/src/index.crates.io-6f17d22bba15001f/sha3-0.9.1/src/lib.rs:123:1
[INFO] [stdout]     |
[INFO] [stdout] 123 | / sha3_impl!(
[INFO] [stdout] 124 | |     Sha3_512,
[INFO] [stdout] 125 | |     U64,
[INFO] [stdout] 126 | |     U72,
[INFO] [stdout] 127 | |     paddings::Sha3,
[INFO] [stdout] 128 | |     "SHA-3-512 hash function."
[INFO] [stdout] 129 | | );
[INFO] [stdout]     | | -
[INFO] [stdout]     | | |
[INFO] [stdout]     | | doesn't satisfy `Sha3_512: HashMarker`
[INFO] [stdout]     | | doesn't satisfy `Sha3_512: blake3::traits::digest::Digest`
[INFO] [stdout]     | |_doesn't satisfy `Sha3_512: blake3::traits::digest::FixedOutput`
[INFO] [stdout]     |   doesn't satisfy `Sha3_512: blake3::traits::digest::Update`
[INFO] [stdout]     |
[INFO] [stdout]     = note: the following trait bounds were not satisfied:
[INFO] [stdout]             `Sha3_512: blake3::traits::digest::FixedOutput`
[INFO] [stdout]             which is required by `Sha3_512: blake3::traits::digest::Digest`
[INFO] [stdout]             `Sha3_512: blake3::traits::digest::Update`
[INFO] [stdout]             which is required by `Sha3_512: blake3::traits::digest::Digest`
[INFO] [stdout]             `Sha3_512: HashMarker`
[INFO] [stdout]             which is required by `Sha3_512: blake3::traits::digest::Digest`
[INFO] [stdout]             `&Sha3_512: blake3::traits::digest::FixedOutput`
[INFO] [stdout]             which is required by `&Sha3_512: blake3::traits::digest::Digest`
[INFO] [stdout]             `&Sha3_512: Default`
[INFO] [stdout]             which is required by `&Sha3_512: blake3::traits::digest::Digest`
[INFO] [stdout]             `&Sha3_512: blake3::traits::digest::Update`
[INFO] [stdout]             which is required by `&Sha3_512: blake3::traits::digest::Digest`
[INFO] [stdout]             `&Sha3_512: HashMarker`
[INFO] [stdout]             which is required by `&Sha3_512: blake3::traits::digest::Digest`
[INFO] [stdout]             `&mut Sha3_512: blake3::traits::digest::FixedOutput`
[INFO] [stdout]             which is required by `&mut Sha3_512: blake3::traits::digest::Digest`
[INFO] [stdout]             `&mut Sha3_512: Default`
[INFO] [stdout]             which is required by `&mut Sha3_512: blake3::traits::digest::Digest`
[INFO] [stdout]             `&mut Sha3_512: blake3::traits::digest::Update`
[INFO] [stdout]             which is required by `&mut Sha3_512: blake3::traits::digest::Digest`
[INFO] [stdout]             `&mut Sha3_512: HashMarker`
[INFO] [stdout]             which is required by `&mut Sha3_512: blake3::traits::digest::Digest`
[INFO] [stdout]     = help: items from traits can only be used if the trait is in scope
[INFO] [stdout] help: the following trait is implemented but not in scope; perhaps add a `use` for it:
[INFO] [stdout]     |
[INFO] [stdout] 167 +     use digest::Digest;
[INFO] [stdout]     |
[INFO] [stdout] 
[INFO] [stdout] 
[INFO] [stdout] warning: unused import: `blake3::traits::digest::Digest`
[INFO] [stdout]    --> src/lib.rs:170:9
[INFO] [stdout]     |
[INFO] [stdout] 170 |     use blake3::traits::digest::Digest;
[INFO] [stdout]     |         ^^^^^^^^^^^^^^^^^^^^^^^^^^^^^^
[INFO] [stdout]     |
[INFO] [stdout]     = note: `#[warn(unused_imports)]` on by default
[INFO] [stdout] 
[INFO] [stdout] 
[INFO] [stdout] error: aborting due to 38 previous errors; 1 warning emitted
[INFO] [stdout] 
[INFO] [stdout] 
[INFO] [stdout] Some errors have detailed explanations: E0277, E0599.
[INFO] [stdout] 
[INFO] [stdout] For more information about an error, try `rustc --explain E0277`.
[INFO] [stdout] 
[INFO] [stderr] error: could not compile `vep` (lib test) due to 39 previous errors; 1 warning emitted
[INFO] running `Command { std: "docker" "inspect" "bdf17b0b3ced30231d172fe4784941f011947cc3ee61662ece5a0225bfc4a14d", kill_on_drop: false }`
[INFO] running `Command { std: "docker" "rm" "-f" "bdf17b0b3ced30231d172fe4784941f011947cc3ee61662ece5a0225bfc4a14d", kill_on_drop: false }`
[INFO] [stdout] bdf17b0b3ced30231d172fe4784941f011947cc3ee61662ece5a0225bfc4a14d
